+ i*o + 1 = 3. Suppose m = -2*n - 2*n + 440. What is the tens digit of n?
1
Let j = -233 - 811. Let a = j - -1962. What is the units digit of a?
8
Suppose -17*w = -18*w + 587. Let u be (-12)/(-24) + w/2. Suppose 0 = 3*d + 3*n - u, -d - 3*n = -123 + 17. What is the tens digit of d?
9
Let y(u) = u**2 - 4*u - 11. Let m be y(8). Suppose 3*i + 3 - 12 = 0, 3*i = -4*h + m. Suppose 3*b = 0, h*b + b - 71 = -l. What is the tens digit of l?
7
Suppose 37*r - 39*r + 1632 = 0. Suppose 17*i = 20*i - r. What is the tens digit of i?
7
Suppose -6456039 = -65*n - 392*n. What is the ten thousands digit of n?
1
Let t be 178 - 6*-1*(-2)/3. Let y = t - 381. Let n = 404 + y. What is the units digit of n?
7
Suppose -10*x + 366290 = 58*x - 125146. What is the units digit of x?
7
Suppose 2*j - 3895 = -3*n, -4*j - 37*n + 40*n = -7799. Let q = -729 + j. What is the hundreds digit of q?
2
Suppose -3*n = 3*z - 59610, 0 = -3*n + 25*z - 20*z + 59586. What is the tens digit of n?
6
What is the units digit of (-8382 + -8)/((-5)/30)?
0
Suppose 1 = w, 2 = 3*x - w - 0. Let i be (-9)/(-9)*(x - -1). Suppose n = i + 9. What is the units digit of n?
1
What is the hundreds digit of 85/2*(-3206)/(-35)?
8
Suppose 0 = 734*r - 735*r + l + 2048, -2*r = -5*l - 4081. What is the thousands digit of r?
2
What is the tens digit of 8 - (-9 + -3321) - 7?
3
Suppose -1053 + 53 = -8*w. Let d = -117 + w. What is the units digit of d/36 + (-25)/(-9) + 37?
0
Let u(r) = 3*r**2 + 1. Let n be u(-1). Let v be (-3)/2*n/3. What is the tens digit of 1 + v + 130/2?
6
Suppose -6*m + 7326 + 1656 = 0. What is the units digit of m?
7
Let u = -14 - -14. Suppose -7*k - 75 + 698 = u. Let p = 129 - k. What is the tens digit of p?
4
Let f = 32 - 30. Suppose -2*k - f*k = 4, 2*k + 27 = 5*u. Suppose 4*c - 837 = -u*c. What is the units digit of c?
3
Suppose o = -2*a + 2*o - 6, 4*o = 4*a + 16. Let v be 0/2 + (3 - a). Suppose 4*l + j = 2*l + 277, v*l = -4*j + 700. What is the tens digit of l?
3
Let g = -27782 + 65474. What is the units digit of g?
2
Let g = 165 - 299. Let a = g + 299. What is the hundreds digit of a?
1
Let l = 6301 - -1181. What is the thousands digit of l?
7
What is the hundreds digit of 2 + -36 + 18 + 83951?
9
Let d(y) = -14*y + 54 - 4*y + 14*y. What is the units digit of d(-13)?
6
Let d = 9518 - 4221. What is the thousands digit of d?
5
Suppose -3*n = -4*k - 10561 - 11130, 0 = 9*n - 2*k - 65063. What is the thousands digit of n?
7
Suppose -6*z = 878 - 314. Let p = z + 97. Suppose 2*u - g - 253 = 0, -3*u - g - p*g + 407 = 0. What is the hundreds digit of u?
1
Suppose 10576 = u - 5*w, -5*u = -99*w + 101*w - 52934. What is the hundreds digit of u?
5
Let s(q) = q**2 - 28*q - 27. Let v be s(29). Suppose -7*f = -3*f + 2*a - 302, 2*f - 142 = v*a. What is the tens digit of f?
7
Let b = 2514 + -483. What is the tens digit of b?
3
Let o be 16/(-10) + ((-32)/20)/4. Let m(g) = -504*g + 95. What is the hundreds digit of m(o)?
1
Let g(j) = 20*j + 80. Let z(m) = -m**2 + 5*m + 18. Let v be z(4). What is the units digit of g(v)?
0
Suppose 0 = 5*j + 4 - 29. Suppose -t + 13 = -2*l, -l - j = -0. Suppose 5*o + r - t*r = 167, 2*r = -o + 43. What is the units digit of o?
5
Let r = 124 + -122. What is the hundreds digit of (21190/39)/(r/3)?
8
Suppose -5*l = -l + 3*l. Suppose l = -b - 3*b - 4*r + 1752, -2*b - 3*r = -872. What is the hundreds digit of b?
4
Suppose 25*s - 76 = 6*s. Suppose 2*c - j = -4*j + 2824, -s*j - 4253 = -3*c. What is the hundreds digit of c?
4
Suppose 0 = -449*x - 471*x + 904*x + 759104. What is the ten thousands digit of x?
4
Let r(q) = 25*q + 7. Let l be r(-5). Let m = l - -55. Let b = 114 + m. What is the tens digit of b?
5
Suppose 0 = 15*n - 22 - 368. Suppose -4*c - 12 = n*q - 27*q, -12 = -q + 2*c. What is the tens digit of q?
1
Suppose -4*h - 2*n = 98, -13*h - 78 = -9*h - 2*n. Let s(t) = -t**2 - 30*t + 10. What is the tens digit of s(h)?
8
Suppose 4*a = 0, 12 = 4*r + 13*a - 14*a. Suppose -3*z = -9, -3204 = r*d - 3*z - 8208. What is the thousands digit of d?
1
Let q(w) = 2*w + 1. Let u be q(-3). Let c = u + 3. What is the tens digit of (c - -3)*(65 + -5)?
6
Let v(c) be the third derivative of -33*c**4/8 - c**3/6 - 68*c**2 + 2. What is the tens digit of v(-5)?
9
Let r = -120 + 136. Let i be 6/(-8) + 60/r. What is the units digit of 2/2 - (-177)/i?
0
Let n = 4936 - 1229. What is the thousands digit of n?
3
Suppose 6*w + 2*r - 396028 = 0, 198020 = -8*w + 11*w + 4*r. What is the tens digit of w?
0
Let n = 10181 - 1769. What is the hundreds digit of n?
4
Suppose 0 = 164*c + 9*c - 3690053 - 4084913. What is the hundreds digit of c?
9
Suppose 0 = -4*b + 2*s - 7*s + 611, 4*b + s - 615 = 0. Let d = 454 - b. What is the hundreds digit of d?
3
Suppose -80*f + 27*f + 338712 - 23415 = 0. What is the tens digit of f?
4
Let s(f) = -f**2 - 24*f - 14. Suppose -b + 2*b = -2*d - 6, -33 = 5*d - 2*b. Let o(k) = -4*k - 40. Let z be o(d). What is the tens digit of s(z)?
6
Suppose -5*z = 4*a - 139507, -3*z + 140876 = 4*a + 1367. What is the tens digit of a?
7
What is the tens digit of (18/(-5) - (-96)/(-240)) + 3878?
7
Let i = 47 + -50. Let m = 20 + -31. Let u = i - m. What is the units digit of u?
8
Suppose 505 + 359 = 9*l. Suppose 94*b = l*b - 494. What is the tens digit of b?
4
Suppose 2*k + 26 = 4*i, -8*i + 2*k + 11 = -7*i. Suppose i*s - 4*c - 1287 = 537, 2*c = -2*s + 744. What is the tens digit of s?
6
Let j = -48 - -56. Suppose 4*b = 16, o - j = -b + 5. What is the units digit of o?
9
Let x = 244 - 122. Suppose 0 = 6*z - x - 4912. What is the tens digit of z?
3
Suppose -4*i - 3*s = i + 38, 0 = 2*s + 2. Let r(a) = 4*a**2 - 4*a - 8. What is the hundreds digit of r(i)?
2
Let c(n) = n**2 - 13*n - 10. Let d be c(8). Let t = 149 + -89. Let y = t + d. What is the tens digit of y?
1
Let i be 55 + -1 + (-3 - -2). Let f = -50 + i. Suppose 2*w = -5*g + 102, -2*g - 4 = -f*g. What is the units digit of w?
1
Suppose 0 = 10*v - 8*v - 4. Suppose 0*j = 4*j + v*j. Suppose -867 = -5*s + 4*c, c = 2*s - j*s - 345. What is the units digit of s?
1
Let z(r) = 1141*r**2 - 11*r - 32. What is the thousands digit of z(-2)?
4
Let f be ((-2470)/(-4))/(3/(-6)). Let t = -287 - f. Suppose -9*v = -21*v + t. What is the tens digit of v?
7
Suppose -3195*i = -3199*i + 43828. What is the units digit of i?
7
Let s(w) = -265*w - 72 - 264*w + 540*w. Let k be s(7). Suppose -p = -k*c + 1265, -2*p = -3*c - 0*c + 766. What is the units digit of c?
2
Suppose -2*n + 9443 = c, 5*n + 5*c - 13552 - 10058 = 0. Suppose -14*t = -571 - n. What is the units digit of t?
8
Let x be 30/24*(1 - 1 - -4). What is the units digit of 1876/6*((-91)/26 + x)?
9
What is the units digit of (-71804)/(-8) + 7*(-2)/(-28)?
6
Let k = -3687 + 47265. What is the ten thousands digit of k?
4
Suppose -1339 = -m + 26. Let i = m - 898. What is the hundreds digit of i?
4
Let x(r) = -2*r**3 + 4*r + 5. Let z be x(-1). Suppose k + m = 38, -z*k + m = -2*m - 138. What is the units digit of k?
2
Let j = 65020 - 6367. What is the ten thousands digit of j?
5
Let p = 13486 - 10467. What is the hundreds digit of p?
0
Let a(h) = -6*h**3 - 3*h**2 - 9*h + 15. Let q(s) = 3*s**2 - 2*s**2 - 25 - s**3 + 26. Let z(j) = a(j) - 5*q(j). What is the units digit of z(-8)?
2
What is the units digit of 4/(-8)*-53094*(-11)/(-33)?
9
Let x be 38/6 - ((-140)/15)/14. Suppose -x*i - 12167 = -30*i. What is the units digit of i?
9
Let a = 75 - 71. Suppose -2*o = -3*d + 494, -a*o = -0*d + 2*d - 308. What is the units digit of d?
2
Let n(k) = 7*k**3 - 15*k**2 + 23*k + 11. Let y(x) = -6*x**3 + 14*x**2 - 22*x - 10. Let q(i) = -5*n(i) - 6*y(i). What is the tens digit of q(8)?
7
Suppose -4*j = -6*j + 2062. Let g = -269 + j. What is the units digit of g?
2
Suppose -127 = -4*j - 4*g + 89, 0 = 4*j + 3*g - 217. Suppose j*i - 44*i = 4906. What is the units digit of i?
6
Let y be (6 + -1)*(-2)/(-2). Let c(x) = -x**3 + 4*x**2 + 12*x - 4. What is the units digit of c(y)?
1
Suppose a - 8 = 2*q, 2*a - q = -5*q - 8. Suppose -5*c + 14*y - 16*y = -543, -547 = -5*c + a*y. What is the tens digit of c?
0
Let l be -4 + 2 - (-1 + -4). Suppose 5*z - 5*i = 3*z + 303, -l*i - 305 = -2*z. What is the tens digit of z?
5
Let x = -26 + 33. Suppose -4*v - x = -4*o - 3, 4 = -v + 2*o. Suppose 0 = -5*s - v*y + 422 + 672, 0 = 2*s - 5*y - 455. What is the units digit 